
What is the remainder when 216 is divided by 21?
6
What is the remainder when 1431 is divided by 306?
207
Calculate the remainder when 169 is divided by 40.
9
Calculate the remainder when 2108 is divided by 266.
246
What is the remainder when 85 is divided by 31?
23
What is the remainder when 495 is divided by 7?
5
What is the remainder when 22 is divided by 8?
6
Calculate the remainder when 1404 is divided by 351.
0
Calculate the remainder when 4881 is divided by 44.
41
What is the remainder when 727 is divided by 73?
70
What is the remainder when 84 is divided by 73?
11
Calculate the remainder when 130 is divided by 12.
10
What is the remainder when 2709 is divided by 9?
0
What is the remainder when 106 is divided by 38?
30
What is the remainder when 294 is divided by 96?
6
What is the remainder when 492 is divided by 125?
117
What is the remainder when 185 is divided by 39?
29
What is the remainder when 41 is divided by 23?
18
What is the remainder when 18317 is divided by 229?
226
Calculate the remainder when 6226 is divided by 35.
31
Calculate the remainder when 1755 is divided by 1752.
3
Calculate the remainder when 155 is divided by 7.
1
Calculate the remainder when 140 is divided by 81.
59
What is the remainder when 62 is divided by 37?
25
Calculate the remainder when 4309 is divided by 98.
95
Calculate the remainder when 481 is divided by 4.
1
Calculate the remainder when 13883 is divided by 217.
212
What is the remainder when 256 is divided by 56?
32
Calculate the remainder when 1467 is divided by 13.
11
What is the remainder when 159 is divided by 7?
5
Calculate the remainder when 814 is divided by 105.
79
What is the remainder when 5852 is divided by 48?
44
What is the remainder when 803 is divided by 397?
9
Calculate the remainder when 4959 is divided by 40.
39
What is the remainder when 1900 is divided by 27?
10
Calculate the remainder when 79 is divided by 8.
7
What is the remainder when 86 is divided by 32?
22
Calculate the remainder when 1603 is divided by 73.
70
What is the remainder when 45 is divided by 10?
5
What is the remainder when 4848 is divided by 21?
18
What is the remainder when 196 is divided by 100?
96
What is the remainder when 5287 is divided by 63?
58
What is the remainder when 308 is divided by 39?
35
What is the remainder when 2701 is divided by 52?
49
What is the remainder when 422 is divided by 51?
14
Calculate the remainder when 171 is divided by 43.
42
What is the remainder when 480 is divided by 121?
117
Calculate the remainder when 2551 is divided by 116.
115
What is the remainder when 111 is divided by 4?
3
Calculate the remainder when 1945 is divided by 192.
25
What is the remainder when 177 is divided by 12?
9
Calculate the remainder when 733 is divided by 23.
20
Calculate the remainder when 5672 is divided by 5658.
14
Calculate the remainder when 664 is divided by 9.
7
What is the remainder when 31 is divided by 11?
9
Calculate the remainder when 264 is divided by 14.
12
Calculate the remainder when 281 is divided by 26.
21
What is the remainder when 1526 is divided by 19?
6
What is the remainder when 180 is divided by 13?
11
Calculate the remainder when 1078 is divided by 61.
41
Calculate the remainder when 889 is divided by 11.
9
Calculate the remainder when 26 is divided by 10.
6
What is the remainder when 911 is divided by 25?
11
Calculate the remainder when 107 is divided by 44.
19
Calculate the remainder when 2751 is divided by 95.
91
Calculate the remainder when 60 is divided by 9.
6
Calculate the remainder when 416 is divided by 201.
14
Calculate the remainder when 500 is divided by 7.
3
Calculate the remainder when 604 is divided by 293.
18
Calculate the remainder when 533 is divided by 27.
20
What is the remainder when 366 is divided by 16?
14
Calculate the remainder when 2123 is divided by 9.
8
What is the remainder when 122 is divided by 54?
14
What is the remainder when 963 is divided by 2?
1
What is the remainder when 110 is divided by 46?
18
What is the remainder when 301 is divided by 5?
1
Calculate the remainder when 3076 is divided by 28.
24
What is the remainder when 788 is divided by 788?
0
What is the remainder when 149 is divided by 34?
13
Calculate the remainder when 702 is divided by 64.
62
Calculate the remainder when 226 is divided by 102.
22
Calculate the remainder when 5716 is divided by 88.
84
Calculate the remainder when 364 is divided by 156.
52
Calculate the remainder when 238 is divided by 213.
25
Calculate the remainder when 3238 is divided by 54.
52
What is the remainder when 6569 is divided by 45?
44
What is the remainder when 1043 is divided by 346?
5
What is the remainder when 164 is divided by 84?
80
What is the remainder when 520 is divided by 29?
27
What is the remainder when 250 is divided by 67?
49
What is the remainder when 292 is divided by 119?
54
Calculate the remainder when 77 is divided by 5.
2
Calculate the remainder when 5 is divided by 3.
2
What is the remainder when 152 is divided by 9?
8
What is the remainder when 539 is divided by 154?
77
What is the remainder when 621 is divided by 50?
21
Calculate the remainder when 489 is divided by 35.
34
What is the remainder when 446 is divided by 65?
56
Calculate the remainder when 733 is divided by 36.
13
What is the remainder when 364 is divided by 125?
114
Calculate the remainder when 65 is divided by 20.
5
Calculate the remainder when 4234 is divided by 106.
100
What is the remainder when 968 is divided by 34?
16
Calculate the remainder when 243 is divided by 84.
75
What is the remainder when 291 is divided by 61?
47
What is the remainder when 167 is divided by 167?
0
What is the remainder when 280 is divided by 54?
10
What is the remainder when 169 is divided by 10?
9
What is the remainder when 153 is divided by 36?
9
Calculate the remainder when 151 is divided by 31.
27
What is the remainder when 42 is divided by 21?
0
What is the remainder when 2006 is divided by 134?
130
Calculate the remainder when 1031 is divided by 26.
17
Calculate the remainder when 957 is divided by 39.
21
Calculate the remainder when 350 is divided by 6.
2
What is the remainder when 430 is divided by 111?
97
Calculate the remainder when 7825 is divided by 103.
100
What is the remainder when 206 is divided by 21?
17
Calculate the remainder when 21592 is divided by 151.
150
What is the remainder when 776 is divided by 195?
191
What is the remainder when 543 is divided by 32?
31
What is the remainder when 195 is divided by 93?
9
Calculate the remainder when 356 is divided by 36.
32
What is the remainder when 212 is divided by 74?
64
Calculate the remainder when 107 is divided by 99.
8
What is the remainder when 404 is divided by 14?
12
Calculate the remainder when 1011 is divided by 146.
135
Calculate the remainder when 544 is divided by 72.
40
Calculate the remainder when 1533 is divided by 747.
39
Calculate the remainder when 860 is divided by 96.
92
Calculate the remainder when 55 is divided by 12.
7
Calculate the remainder when 870 is divided by 91.
51
Calculate the remainder when 641 is divided by 46.
43
What is the remainder when 1166 is divided by 9?
5
Calculate the remainder when 167 is divided by 1.
0
What is the remainder when 948 is divided by 25?
23
What is the remainder when 296 is divided by 20?
16
Calculate the remainder when 1148 is divided by 77.
70
What is the remainder when 328 is divided by 160?
8
Calculate the remainder when 216 is divided by 68.
12
What is the remainder when 537 is divided by 30?
27
Calculate the remainder when 571 is divided by 176.
43
Calculate the remainder when 63 is divided by 16.
15
Calculate the remainder when 1272 is divided by 51.
48
Calculate the remainder when 15028 is divided by 45.
43
Calculate the remainder when 190 is divided by 96.
94
Calculate the remainder when 64 is divided by 24.
16
Calculate the remainder when 161 is divided by 17.
8
What is the remainder when 652 is divided by 651?
1
What is the remainder when 802 is divided by 256?
34
Calculate the remainder when 352 is divided by 61.
47
Calculate the remainder when 132 is divided by 48.
36
What is the remainder when 861 is divided by 24?
21
What is the remainder when 761 is divided by 754?
7
Calculate the rem